ainder when 72164 is divided by 43?
10
Calculate the remainder when 1257 is divided by 134.
51
What is the remainder when 45035 is divided by 12?
11
Calculate the remainder when 26264 is divided by 1459.
2
What is the remainder when 11964 is divided by 40?
4
What is the remainder when 1046691 is divided by 41?
2
What is the remainder when 3317 is divided by 753?
305
Calculate the remainder when 1309525 is divided by 436508.
1
What is the remainder when 2126 is divided by 1047?
32
What is the remainder when 6299 is divided by 391?
43
What is the remainder when 335079 is divided by 234?
225
What is the remainder when 319373 is divided by 175?
173
What is the remainder when 507875 is divided by 211?
209
What is the remainder when 984 is divided by 107?
21
What is the remainder when 4445 is divided by 114?
113
What is the remainder when 718696 is divided by 3252?
4
Calculate the remainder when 4125 is divided by 1360.
45
Calculate the remainder when 2450 is divided by 561.
206
Calculate the remainder when 2004 is divided by 35.
9
What is the remainder when 110931 is divided by 196?
191
Calculate the remainder when 216463 is divided by 395.
3
Calculate the remainder when 47265 is divided by 47212.
53
What is the remainder when 29774 is divided by 281?
269
What is the remainder when 7251 is divided by 19?
12
Calculate the remainder when 2578 is divided by 907.
764
Calculate the remainder when 55775 is divided by 234.
83
What is the remainder when 366963 is divided by 333?
330
What is the remainder when 55424 is divided by 28?
12
What is the remainder when 546247 is divided by 50?
47
What is the remainder when 1230 is divided by 573?
84
What is the remainder when 3487300 is divided by 1162432?
4
Calculate the remainder when 49844 is divided by 4952.
324
What is the remainder when 5238 is divided by 232?
134
Calculate the remainder when 33073 is divided by 63.
61
Calculate the remainder when 3277 is divided by 2682.
595
Calculate the remainder when 2148 is divided by 260.
68
What is the remainder when 7045 is divided by 6845?
200
Calculate the remainder when 44 is divided by 21.
2
What is the remainder when 115550 is divided by 144?
62
What is the remainder when 5092431 is divided by 16?
15
Calculate the remainder when 53876 is divided by 296.
4
Calculate the remainder when 11853 is divided by 52.
49
What is the remainder when 142194 is divided by 49?
45
Calculate the remainder when 304007 is divided by 212.
211
What is the remainder when 426 is divided by 19?
8
What is the remainder when 30818 is divided by 7?
4
Calculate the remainder when 121696 is divided by 1159.
1
Calculate the remainder when 22937 is divided by 1541.
1363
Calculate the remainder when 735391 is divided by 8551.
5
Calculate the remainder when 17197 is divided by 8446.
305
Calculate the remainder when 65635 is divided by 1396.
23
Calculate the remainder when 14168 is divided by 625.
418
What is the remainder when 968966 is divided by 616?
614
Calculate the remainder when 13489 is divided by 2216.
193
Calculate the remainder when 8552 is divided by 1579.
657
What is the remainder when 86918 is divided by 2483?
13
What is the remainder when 18368 is divided by 3671?
13
Calculate the remainder when 1248 is divided by 214.
178
What is the remainder when 836155 is divided by 31?
23
What is the remainder when 5891 is divided by 1823?
422
Calculate the remainder when 51743 is divided by 7.
6
What is the remainder when 9322 is divided by 29?
13
Calculate the remainder when 421641 is divided by 84327.
6
What is the remainder when 5613 is divided by 56?
13
What is the remainder when 771778 is divided by 677?
675
What is the remainder when 11182 is divided by 30?
22
Calculate the remainder when 20577 is divided by 6820.
117
What is the remainder when 63959 is divided by 63951?
8
Calculate the remainder when 67111 is divided by 678.
667
What is the remainder when 4928 is divided by 227?
161
Calculate the remainder when 27697 is divided by 9225.
22
What is the remainder when 1681 is divided by 732?
217
Calculate the remainder when 964642 is divided by 23.
22
What is the remainder when 1819 is divided by 100?
19
Calculate the remainder when 2984 is divided by 897.
293
Calculate the remainder when 404 is divided by 385.
19
What is the remainder when 44316 is divided by 89?
83
What is the remainder when 42017 is divided by 207?
203
Calculate the remainder when 399449 is divided by 30.
29
Calculate the remainder when 265388 is divided by 428.
28
What is the remainder when 350304 is divided by 65?
19
Calculate the remainder when 16326 is divided by 4073.
34
Calculate the remainder when 1162 is divided by 330.
172
What is the remainder when 44186 is divided by 1029?
968
What is the remainder when 4544 is divided by 45?
44
What is the remainder when 959 is divided by 97?
86
What is the remainder when 242362 is divided by 121179?
4
Calculate the remainder when 285875 is divided by 885.
20
What is the remainder when 201625 is divided by 282?
277
What is the remainder when 32099 is divided by 10607?
278
Calculate the remainder when 16979 is divided by 1950.
1379
Calculate the remainder when 255632 is divided by 2029.
2007
Calculate the remainder when 55126 is divided by 1970.
1936
What is the remainder when 4583 is divided by 862?
273
Calculate the remainder when 2733727 is divided by 109.
7
Calculate the remainder when 214335 is divided by 230.
205
Calculate the remainder when 20324 is divided by 91.
31
Calculate the remainder when 2950 is divided by 2941.
9
What is the remainder when 324 is divided by 303?
21
What is the remainder when 886 is divided by 267?
85
Calculate the remainder when 35384 is divided by 703.
234
What is the remainder when 10236 is divided by 3410?
6
What is the remainder when 66044 is divided by 275?
44
What is the remainder when 131636 is divided by 61?
59
What is the remainder when 1494 is divided by 740?
14
What is the remainder when 1481 is divided by 124?
117
Calculate the remainder when 358 is divided by 318.
40
What is the remainder when 70749 is divided by 24?
21
Calculate the remainder when 47440 is divided by 101.
71
Calculate the remainder when 7646 is divided by 477.
14
What is the remainder when 8283 is divided by 189?
156
What is the remainder when 6133 is divided by 226?
31
What is the remainder when 9640 is divided by 3064?
448
What is the remainder when 18781 is divided by 143?
48
Calculate the remainder when 3255 is divided by 98.
21
What is the remainder when 9214 is divided by 1151?
6
What is the remainder when 850 is divided by 121?
3
What is the remainder when 37511 is divided by 329?
5
What is the remainder when 19259 is divided by 1198?
91
Calculate the remainder when 4061 is divided by 416.
317
What is the remainder when 56525 is divided by 11271?
170
What is the remainder when 4545 is divided by 13?
8
Calculate the remainder when 32168 is divided by 34.
4
Calculate the remainder when 77557 is divided by 24.
13
Calculate the remainder when 3910 is divided by 1558.
794
What is the remainder when 5218 is divided by 1301?
14
Calculate the remainder when 4327 is divided by 216.
7
Calculate the remainder when 38874 is divided by 12957.
3
What is the remainder when 1989 is divided by 1922?
67
What is the remainder when 3222 is divided by 840?
702
What is the remainder when 7619 is divided by 152?
19
Calculate the remainder when 7166 is divided by 712.
46
What is the remainder when 87676 is divided by 17533?
11
What is the remainder when 685 is divided by 167?
17
What is the remainder when 26307 is divided by 224?
99
What is the remainder when 371727 is divided by 796?
791
Calculate the remainder when 19953419 is divided by 3044.
3043
What is the remainder when 87166 is divided by 4358?
6
Calculate the remainder when 44335 is divided by 209.
27
Calculate the remainder when 525 is divided by 262.
1
What is the remainder when 511737 is divided by 6?
3
What is the remainder when 178349 is divided by 10?
9
What is the remainder when 6543 is divided by 108?
63
Calculate the remainder when 2770 is divided by 154.
152
What is the remainder when 8602 is divided by 3968?
666
Calculate the remainder when 2066 is divided by 244.
114
What is the remainder when 81092 i